4447
List the prime factors of 463766.
2, 461, 503
What are the prime factors of 1577608?
2, 19, 97, 107
What are the prime factors of 2117695?
5, 37, 11447
What are the prime factors of 31885?
5, 7, 911
List the prime factors of 442908.
2, 3, 1367
List the prime factors of 237767.
237767
What are the prime factors of 977226?
2, 3, 271, 601
List the prime factors of 3987523.
3987523
List the prime factors of 8256450.
2, 3, 5, 19, 2897
What are the prime factors of 199566?
2, 3, 11087
List the prime factors of 287537.
287537
List the prime factors of 4863768.
2, 3, 7, 13, 17, 131
What are the prime factors of 18543736?
2, 17, 136351
What are the prime factors of 1519091?
7, 41, 67, 79
What are the prime factors of 4827532?
2, 79, 15277
List the prime factors of 913930.
2, 5, 91393
What are the prime factors of 10472677?
59, 139, 1277
What are the prime factors of 2397654?
2, 3, 7, 6343
What are the prime factors of 4512643?
137, 32939
What are the prime factors of 305186?
2, 7, 21799
What are the prime factors of 2111669?
7, 59, 5113
List the prime factors of 1456562.
2, 728281
What are the prime factors of 3925827?
3, 17, 2851
List the prime factors of 353861.
61, 5801
List the prime factors of 33470392.
2, 47, 89017
List the prime factors of 17393438.
2, 71, 122489
List the prime factors of 86745.
3, 5, 5783
List the prime factors of 3805854.
2, 3, 13, 59, 827
List the prime factors of 24446963.
167, 146389
List the prime factors of 12758567.
12758567
What are the prime factors of 17105534?
2, 29, 294923
What are the prime factors of 2409805?
5, 61, 7901
List the prime factors of 28682318.
2, 7, 97, 21121
List the prime factors of 1584087.
3, 19, 27791
List the prime factors of 1174557.
3, 391519
What are the prime factors of 6807228?
2, 3, 29, 31, 631
What are the prime factors of 1142914?
2, 691, 827
What are the prime factors of 174135?
3, 5, 13, 19, 47
List the prime factors of 658857.
3, 219619
What are the prime factors of 14678507?
19, 277, 2789
What are the prime factors of 9172513?
7, 1310359
List the prime factors of 553976.
2, 69247
List the prime factors of 1156259.
13, 29, 3067
List the prime factors of 1421005.
5, 284201
List the prime factors of 7532245.
5, 7, 307, 701
What are the prime factors of 1689413?
11, 383, 401
What are the prime factors of 5227231?
53, 98627
List the prime factors of 1383743.
1383743
List the prime factors of 183676.
2, 47, 977
What are the prime factors of 125036?
2, 31259
What are the prime factors of 230568?
2, 3, 13, 739
What are the prime factors of 205339?
205339
What are the prime factors of 10944620?
2, 5, 61, 8971
List the prime factors of 56015.
5, 17, 659
What are the prime factors of 13168806?
2, 3, 7, 313543
List the prime factors of 4101863.
4101863
What are the prime factors of 28451916?
2, 3, 790331
List the prime factors of 12758519.
19, 671501
What are the prime factors of 3739129?
3739129
What are the prime factors of 90636?
2, 3, 7, 13, 83
List the prime factors of 134512.
2, 7, 1201
What are the prime factors of 15033302?
2, 227, 33113
List the prime factors of 1361504.
2, 157, 271
List the prime factors of 201306.
2, 3, 7, 4793
List the prime factors of 250309.
23, 10883
List the prime factors of 14095961.
11, 1281451
List the prime factors of 9131225.
5, 365249
What are the prime factors of 359871?
3, 139, 863
List the prime factors of 4940180.
2, 5, 7, 71
What are the prime factors of 6170373?
3, 11, 62327
List the prime factors of 12208827.
3, 4069609
What are the prime factors of 1753058?
2, 876529
List the prime factors of 2998467.
3, 431, 773
List the prime factors of 3125286.
2, 3, 23, 7549
What are the prime factors of 901034?
2, 17, 26501
List the prime factors of 593945.
5, 11, 10799
List the prime factors of 688668.
2, 3, 57389
List the prime factors of 240469.
191, 1259
What are the prime factors of 10638534?
2, 3, 29, 61141
What are the prime factors of 28809?
3, 11, 97
What are the prime factors of 10488212?
2, 7, 83, 4513
List the prime factors of 334688.
2, 10459
List the prime factors of 1131846.
2, 3, 41, 43, 107
What are the prime factors of 187485?
3, 5, 29, 431
List the prime factors of 1519610.
2, 5, 23, 6607
What are the prime factors of 19859467?
19859467
What are the prime factors of 548526?
2, 3, 11, 8311
List the prime factors of 511573.
511573
What are the prime factors of 29437792?
2, 23, 37, 47
List the prime factors of 12327760.
2, 5, 154097
What are the prime factors of 2957093?
569, 5197
List the prime factors of 240420.
2, 3, 5, 4007
List the prime factors of 245909.
245909
What are the prime factors of 157351?
157351
List the prime factors of 12393879.
3, 4131293
List the prime factors of 467418.
2, 3, 7, 31, 359
What are the prime factors of 1263488?
2, 9871
List the prime factors of 4783922.
2, 11, 13, 43, 389
List the prime factors of 285301.
285301
List the prime factors of 89471.
17, 19, 277
What are the prime factors of 762032?
2, 97, 491
List the prime factors of 3362295.
3, 5, 224153
What are the prime factors of 420709?
257, 1637
List the prime factors of 688702.
2, 7, 49193
List the prime factors of 9792786.
2, 3, 239, 6829
What are the prime factors of 799468?
2, 269, 743
List the prime factors of 1982052.
2, 3, 55057
List the prime factors of 335037.
3, 29, 3851
List the prime factors of 8689705.
5, 29, 59929
What are the prime factors of 621972?
2, 3, 13, 443
List the prime factors of 692041.
7, 109, 907
List the prime factors of 914129.
227, 4027
List the prime factors of 747385.
5, 23, 67, 97
List the prime factors of 372384.
2, 3, 431
What are the prime factors of 566604?
2, 3, 15739
List the prime factors of 61383.
3, 7, 37, 79
List the prime factors of 328150.
2, 5, 6563
What are the prime factors of 2800362?
2, 3, 563, 829
What are the prime factors of 4134353?
281, 14713
What are the prime factors of 152482?
2, 11, 29, 239
What are the prime factors of 34023330?
2, 3, 5, 11, 34367
What are the prime factors of 544401?
3, 11, 13, 47
List the prime factors of 286603.
17, 23, 733
List the prime factors of 26550538.
2, 7, 73, 83, 313
List the prime factors of 665050.
2, 5, 47, 283
List the prime factors of 460553.
41, 47, 239
List the prime factors of 513345.
3, 5, 7, 4889
What are the prime factors of 14841777?
3, 31, 159589
List the prime factors of 4269525.
3, 5, 13, 29, 151
List the prime factors of 9707071.
11, 882461
List the prime factors of 113297.
19, 67, 89
List the prime factors of 2453095.
5, 490619
What are the prime factors of 776251?
7, 173, 641
What are the prime factors of 298715?
5, 59743
List the prime factors of 2919479.
2919479
What are the prime factors of 364570?
2, 5, 36457
What are the prime factors of 2760578?
2, 1380289
List the prime factors of 2078566.
2, 7, 148469
What are the prime factors of 2451278?
2, 1063, 1153
List the prime factors of 1277317.
181, 7057
What are the prime factors of 72322?
2, 36161
What are the prime factors of 500019?
3, 13, 12821
What are the prime factors of 5426418?
2, 3, 457, 1979
List the prime factors of 46538.
2, 23269
List the prime factors of 16162749.
3, 19, 31, 3049
What are the prime factors of 1525393?
17, 53, 1693
What are the prime factors of 200716?
2, 19, 139
What are the prime factors of 41987?
11, 347
What are the prime factors of 723217?
11, 43, 139
What are the prime factors of 89211?
3, 131, 227
What are the prime factors of 33905807?
13, 2608139
List the prime factors of 2211068.
2, 19, 47, 619
What are the prime factors of 114751?
7, 13, 97
What are the prime factors of 18510369?
3, 6170123
What are the prime factors of 836544?
2, 3, 4357
What are the prime factors of 2935048?
2, 366881
What are the prime factors of 2762869?
2762869
List the prime factors of 1006844.
2, 37, 6803
What are the prime factors of 928490?
2, 5, 92849
List the prime factors of 246437.
281, 877
List the prime factors of 1040362.
2, 571, 911
List the prime factors of 304589.
17, 19, 23, 41
List the prime factors of 4253068.
2, 23, 46229
List the prime factors of 61560.
2, 3, 5, 19
What are the prime factors of 386049?
3, 128683
What are the prime factors of 463603?
7, 103, 643
List the prime factors of 1737067.
277, 6271
List the prime factors of 2970951.
3, 563, 1759
List